{"id":20,"date":"2020-09-28T00:55:40","date_gmt":"2020-09-27T22:55:40","guid":{"rendered":"https:\/\/helvetia-reinigung.ch\/?page_id=20"},"modified":"2023-02-14T15:30:00","modified_gmt":"2023-02-14T14:30:00","slug":"impressum","status":"publish","type":"page","link":"https:\/\/helvetia-reinigung.ch\/?page_id=20","title":{"rendered":"Impressum"},"content":{"rendered":"\t\t<div data-elementor-type=\"wp-page\" data-elementor-id=\"20\" class=\"elementor elementor-20\" data-elementor-post-type=\"page\">\n\t\t\t\t\t\t<section class=\"elementor-section elementor-top-section elementor-element elementor-element-3c8f57c1 li-hover-imp-dsgvo elementor-section-boxed elementor-section-height-default elementor-section-height-default\" data-id=\"3c8f57c1\" data-element_type=\"section\">\n\t\t\t\t\t\t<div class=\"elementor-container elementor-column-gap-default\">\n\t\t\t\t\t<div class=\"elementor-column elementor-col-100 elementor-top-column elementor-element elementor-element-14fc2dc4\" data-id=\"14fc2dc4\" data-element_type=\"column\">\n\t\t\t<div class=\"elementor-widget-wrap elementor-element-populated\">\n\t\t\t\t\t\t<div class=\"elementor-element elementor-element-5ac2a92 elementor-widget elementor-widget-heading\" data-id=\"5ac2a92\" data-element_type=\"widget\" data-widget_type=\"heading.default\">\n\t\t\t\t<div class=\"elementor-widget-container\">\n\t\t\t<h1 class=\"elementor-heading-title elementor-size-default\">Impressum<\/h1>\t\t<\/div>\n\t\t\t\t<\/div>\n\t\t\t\t<div class=\"elementor-element elementor-element-0506ce5 elementor-widget elementor-widget-heading\" data-id=\"0506ce5\" data-element_type=\"widget\" data-widget_type=\"heading.default\">\n\t\t\t\t<div class=\"elementor-widget-container\">\n\t\t\t<h2 class=\"elementor-heading-title elementor-size-default\">Angaben gem\u00e4\u00df \u00a7 5 TMG\n<\/h2>\t\t<\/div>\n\t\t\t\t<\/div>\n\t\t\t\t<div class=\"elementor-element elementor-element-743d87d4 elementor-widget elementor-widget-text-editor\" data-id=\"743d87d4\" data-element_type=\"widget\" data-widget_type=\"text-editor.default\">\n\t\t\t\t<div class=\"elementor-widget-container\">\n\t\t\t\t\t\t\t<p>Helvetia Reinigung W\u00e4denswil<br \/>Meierhofstrasse 26<br \/>8820 W\u00e4denswil<br \/><br \/><strong>Vertreten durch:<\/strong><br \/>Gabi Kaderli<\/p>\t\t\t\t\t\t<\/div>\n\t\t\t\t<\/div>\n\t\t\t\t<div class=\"elementor-element elementor-element-c183261 elementor-widget elementor-widget-heading\" data-id=\"c183261\" data-element_type=\"widget\" data-widget_type=\"heading.default\">\n\t\t\t\t<div class=\"elementor-widget-container\">\n\t\t\t<h3 class=\"elementor-heading-title elementor-size-default\">Kontakt<\/h3>\t\t<\/div>\n\t\t\t\t<\/div>\n\t\t\t\t<div class=\"elementor-element elementor-element-bf58d5a elementor-widget elementor-widget-text-editor\" data-id=\"bf58d5a\" data-element_type=\"widget\" data-widget_type=\"text-editor.default\">\n\t\t\t\t<div class=\"elementor-widget-container\">\n\t\t\t\t\t\t\t<p>Telefon: <a href=\"tel:0799138941\">079 913 89 41<\/a><br \/>E-Mail: <a href=\"mailot:info@helvetia-reinigung.ch\">info@helvetia-reinigung.ch<\/a><br \/>Website: <a href=\"https:\/\/helvetia-reinigung.ch\/\">https:\/\/helvetia-reinigung.ch<\/a><\/p>\t\t\t\t\t\t<\/div>\n\t\t\t\t<\/div>\n\t\t\t\t<div class=\"elementor-element elementor-element-07ef11a elementor-widget elementor-widget-heading\" data-id=\"07ef11a\" data-element_type=\"widget\" data-widget_type=\"heading.default\">\n\t\t\t\t<div class=\"elementor-widget-container\">\n\t\t\t<h3 class=\"elementor-heading-title elementor-size-default\">Verantwortlich f\u00fcr den Inhalt nach \u00a7 55 Abs. 2 RStV<\/h3>\t\t<\/div>\n\t\t\t\t<\/div>\n\t\t\t\t<div class=\"elementor-element elementor-element-9490d46 elementor-widget elementor-widget-text-editor\" data-id=\"9490d46\" data-element_type=\"widget\" data-widget_type=\"text-editor.default\">\n\t\t\t\t<div class=\"elementor-widget-container\">\n\t\t\t\t\t\t\tGabi Kaderli<br>\n(Anschrift siehe oben)\t\t\t\t\t\t<\/div>\n\t\t\t\t<\/div>\n\t\t\t\t<div class=\"elementor-element elementor-element-655e223 elementor-widget elementor-widget-heading\" data-id=\"655e223\" data-element_type=\"widget\" data-widget_type=\"heading.default\">\n\t\t\t\t<div class=\"elementor-widget-container\">\n\t\t\t<h3 class=\"elementor-heading-title elementor-size-default\">EU-Streitschlichtung<\/h3>\t\t<\/div>\n\t\t\t\t<\/div>\n\t\t\t\t<div class=\"elementor-element elementor-element-5b841aa elementor-widget elementor-widget-text-editor\" data-id=\"5b841aa\" data-element_type=\"widget\" data-widget_type=\"text-editor.default\">\n\t\t\t\t<div class=\"elementor-widget-container\">\n\t\t\t\t\t\t\tDie Europ\u00e4ische Kommission stellt eine Plattform zur Online-Streitbeilegung (OS) bereit: <a href=\"https:\/\/ec.europa.eu\/consumers\/odr\" =_blank target=\"_blank\" rel=\"noopener\">https:\/\/ec.europa.eu\/consumers\/odr<\/a>.<br>\nUnsere E-Mail-Adresse finden Sie oben im Impressum.\t\t\t\t\t\t<\/div>\n\t\t\t\t<\/div>\n\t\t\t\t<div class=\"elementor-element elementor-element-a6efc8c elementor-widget elementor-widget-heading\" data-id=\"a6efc8c\" data-element_type=\"widget\" data-widget_type=\"heading.default\">\n\t\t\t\t<div class=\"elementor-widget-container\">\n\t\t\t<h3 class=\"elementor-heading-title elementor-size-default\">Verbraucher\u00adstreit\u00adbeilegung\/Universal\u00adschlichtungs\u00adstelle<\/h3>\t\t<\/div>\n\t\t\t\t<\/div>\n\t\t\t\t<div class=\"elementor-element elementor-element-36ef81a elementor-widget elementor-widget-text-editor\" data-id=\"36ef81a\" data-element_type=\"widget\" data-widget_type=\"text-editor.default\">\n\t\t\t\t<div class=\"elementor-widget-container\">\n\t\t\t\t\t\t\tWir sind nicht bereit oder verpflichtet, an Streitbeilegungsverfahren vor einer Verbraucherschlichtungsstelle teilzunehmen.\t\t\t\t\t\t<\/div>\n\t\t\t\t<\/div>\n\t\t\t\t<div class=\"elementor-element elementor-element-99d1a83 elementor-widget elementor-widget-heading\" data-id=\"99d1a83\" data-element_type=\"widget\" data-widget_type=\"heading.default\">\n\t\t\t\t<div class=\"elementor-widget-container\">\n\t\t\t<h4 class=\"elementor-heading-title elementor-size-default\">Haftung f\u00fcr Inhalte\n<\/h4>\t\t<\/div>\n\t\t\t\t<\/div>\n\t\t\t\t<div class=\"elementor-element elementor-element-895f59b elementor-widget elementor-widget-text-editor\" data-id=\"895f59b\" data-element_type=\"widget\" data-widget_type=\"text-editor.default\">\n\t\t\t\t<div class=\"elementor-widget-container\">\n\t\t\t\t\t\t\tAls Diensteanbieter sind wir gem\u00e4\u00df \u00a7 7 Abs.1 TMG f\u00fcr eigene Inhalte auf diesen Seiten nach den allgemeinen Gesetzen verantwortlich. Nach \u00a7\u00a7 8 bis 10 TMG sind wir als Diensteanbieter jedoch nicht verpflichtet, \u00fcbermittelte oder gespeicherte fremde Informationen zu \u00fcberwachen oder nach Umst\u00e4nden zu forschen, die auf eine rechtswidrige T\u00e4tigkeit hinweisen.\n<br><br>\nVerpflichtungen zur Entfernung oder Sperrung der Nutzung von Informationen nach den allgemeinen Gesetzen bleiben hiervon unber\u00fchrt. Eine diesbez\u00fcgliche Haftung ist jedoch erst ab dem Zeitpunkt der Kenntnis einer konkreten Rechtsverletzung m\u00f6glich. Bei Bekanntwerden von entsprechenden Rechtsverletzungen werden wir diese Inhalte umgehend entfernen.\t\t\t\t\t\t<\/div>\n\t\t\t\t<\/div>\n\t\t\t\t<div class=\"elementor-element elementor-element-81dad73 elementor-widget elementor-widget-heading\" data-id=\"81dad73\" data-element_type=\"widget\" data-widget_type=\"heading.default\">\n\t\t\t\t<div class=\"elementor-widget-container\">\n\t\t\t<h4 class=\"elementor-heading-title elementor-size-default\">Haftung f\u00fcr Links<\/h4>\t\t<\/div>\n\t\t\t\t<\/div>\n\t\t\t\t<div class=\"elementor-element elementor-element-b920679 elementor-widget elementor-widget-text-editor\" data-id=\"b920679\" data-element_type=\"widget\" data-widget_type=\"text-editor.default\">\n\t\t\t\t<div class=\"elementor-widget-container\">\n\t\t\t\t\t\t\tUnser Angebot enth\u00e4lt Links zu externen Websites Dritter, auf deren Inhalte wir keinen Einfluss haben. Deshalb k\u00f6nnen wir f\u00fcr diese fremden Inhalte auch keine Gew\u00e4hr \u00fcbernehmen. F\u00fcr die Inhalte der verlinkten Seiten ist stets der jeweilige Anbieter oder Betreiber der Seiten verantwortlich. Die verlinkten Seiten wurden zum Zeitpunkt der Verlinkung auf m\u00f6gliche Rechtsverst\u00f6\u00dfe \u00fcberpr\u00fcft. Rechtswidrige Inhalte waren zum Zeitpunkt der Verlinkung nicht erkennbar.\n<br><br>\nEine permanente inhaltliche Kontrolle der verlinkten Seiten ist jedoch ohne konkrete Anhaltspunkte einer Rechtsverletzung nicht zumutbar. Bei Bekanntwerden von Rechtsverletzungen werden wir derartige Links umgehend entfernen.\t\t\t\t\t\t<\/div>\n\t\t\t\t<\/div>\n\t\t\t\t<div class=\"elementor-element elementor-element-b65846c elementor-widget elementor-widget-heading\" data-id=\"b65846c\" data-element_type=\"widget\" data-widget_type=\"heading.default\">\n\t\t\t\t<div class=\"elementor-widget-container\">\n\t\t\t<h4 class=\"elementor-heading-title elementor-size-default\">Urheberrecht<\/h4>\t\t<\/div>\n\t\t\t\t<\/div>\n\t\t\t\t<div class=\"elementor-element elementor-element-2a38054 elementor-widget elementor-widget-text-editor\" data-id=\"2a38054\" data-element_type=\"widget\" data-widget_type=\"text-editor.default\">\n\t\t\t\t<div class=\"elementor-widget-container\">\n\t\t\t\t\t\t\tDie durch die Seitenbetreiber erstellten Inhalte und Werke auf diesen Seiten unterliegen dem deutschen Urheberrecht. Die Vervielf\u00e4ltigung, Bearbeitung, Verbreitung und jede Art der Verwertung au\u00dferhalb der Grenzen des Urheberrechtes bed\u00fcrfen der schriftlichen Zustimmung des jeweiligen Autors bzw. Erstellers. Downloads und Kopien dieser Seite sind nur f\u00fcr den privaten, nicht kommerziellen Gebrauch gestattet.\n<br><br>\nSoweit die Inhalte auf dieser Seite nicht vom Betreiber erstellt wurden, werden die Urheberrechte Dritter beachtet. Insbesondere werden Inhalte Dritter als solche gekennzeichnet. Sollten Sie trotzdem auf eine Urheberrechtsverletzung aufmerksam werden, bitten wir um einen entsprechenden Hinweis. Bei Bekanntwerden von Rechtsverletzungen werden wir derartige Inhalte umgehend entfernen.\t\t\t\t\t\t<\/div>\n\t\t\t\t<\/div>\n\t\t\t\t\t<\/div>\n\t\t<\/div>\n\t\t\t\t\t<\/div>\n\t\t<\/section>\n\t\t\t\t<\/div>\n\t\t","protected":false},"excerpt":{"rendered":"<p>Impressum Angaben gem\u00e4\u00df \u00a7 5 TMG Helvetia Reinigung W\u00e4denswilMeierhofstrasse 268820 W\u00e4denswil Vertreten durch:Gabi Kaderli Kontakt Telefon: 079 913 89 41E-Mail: info@helvetia-reinigung.chWebsite: https:\/\/helvetia-reinigung.ch Verantwortlich f\u00fcr den Inhalt nach \u00a7 55 Abs. 2 RStV Gabi Kaderli (Anschrift siehe oben) EU-Streitschlichtung Die Europ\u00e4ische Kommission stellt eine Plattform zur Online-Streitbeilegung (OS) bereit: https:\/\/ec.europa.eu\/consumers\/odr. Unsere E-Mail-Adresse finden Sie oben im [&hellip;]<\/p>\n","protected":false},"author":4,"featured_media":0,"parent":0,"menu_order":0,"comment_status":"closed","ping_status":"closed","template":"","meta":{"footnotes":""},"class_list":["post-20","page","type-page","status-publish","hentry","wpbf-post"],"_links":{"self":[{"href":"https:\/\/helvetia-reinigung.ch\/index.php?rest_route=\/wp\/v2\/pages\/20"}],"collection":[{"href":"https:\/\/helvetia-reinigung.ch\/index.php?rest_route=\/wp\/v2\/pages"}],"about":[{"href":"https:\/\/helvetia-reinigung.ch\/index.php?rest_route=\/wp\/v2\/types\/page"}],"author":[{"embeddable":true,"href":"https:\/\/helvetia-reinigung.ch\/index.php?rest_route=\/wp\/v2\/users\/4"}],"replies":[{"embeddable":true,"href":"https:\/\/helvetia-reinigung.ch\/index.php?rest_route=%2Fwp%2Fv2%2Fcomments&post=20"}],"version-history":[{"count":5,"href":"https:\/\/helvetia-reinigung.ch\/index.php?rest_route=\/wp\/v2\/pages\/20\/revisions"}],"predecessor-version":[{"id":1264,"href":"https:\/\/helvetia-reinigung.ch\/index.php?rest_route=\/wp\/v2\/pages\/20\/revisions\/1264"}],"wp:attachment":[{"href":"https:\/\/helvetia-reinigung.ch\/index.php?rest_route=%2Fwp%2Fv2%2Fmedia&parent=20"}],"curies":[{"name":"wp","href":"https:\/\/api.w.org\/{rel}","templated":true}]}}

<div data-elementor-type="wp-page" data-elementor-id="20" class="elementor elementor-20" data-elementor-post-type="page">
						<section class="elementor-section elementor-top-section elementor-element elementor-element-3c8f57c1 li-hover-imp-dsgvo elementor-section-boxed elementor-section-height-default elementor-section-height-default" data-id="3c8f57c1" data-element_type="section">
						<div class="elementor-container elementor-column-gap-default">
					<div class="elementor-column elementor-col-100 elementor-top-column elementor-element elementor-element-14fc2dc4" data-id="14fc2dc4" data-element_type="column">
			<div class="elementor-widget-wrap elementor-element-populated">
						<div class="elementor-element elementor-element-5ac2a92 elementor-widget elementor-widget-heading" data-id="5ac2a92" data-element_type="widget" data-widget_type="heading.default">
				<div class="elementor-widget-container">
			<h1 class="elementor-heading-title elementor-size-default">Impressum</h1>		</div>
				</div>
				<div class="elementor-element elementor-element-0506ce5 elementor-widget elementor-widget-heading" data-id="0506ce5" data-element_type="widget" data-widget_type="heading.default">
				<div class="elementor-widget-container">
			<h2 class="elementor-heading-title elementor-size-default">Angaben gemäß § 5 TMG
</h2>		</div>
				</div>
				<div class="elementor-element elementor-element-743d87d4 elementor-widget elementor-widget-text-editor" data-id="743d87d4" data-element_type="widget" data-widget_type="text-editor.default">
				<div class="elementor-widget-container">
							<p>Helvetia Reinigung Wädenswil<br />Meierhofstrasse 26<br />8820 Wädenswil<br /><br /><strong>Vertreten durch:</strong><br />Gabi Kaderli</p>						</div>
				</div>
				<div class="elementor-element elementor-element-c183261 elementor-widget elementor-widget-heading" data-id="c183261" data-element_type="widget" data-widget_type="heading.default">
				<div class="elementor-widget-container">
			<h3 class="elementor-heading-title elementor-size-default">Kontakt</h3>		</div>
				</div>
				<div class="elementor-element elementor-element-bf58d5a elementor-widget elementor-widget-text-editor" data-id="bf58d5a" data-element_type="widget" data-widget_type="text-editor.default">
				<div class="elementor-widget-container">
							<p>Telefon: <a href="tel:0799138941">079 913 89 41</a><br />E-Mail: <a href="mailot:info@helvetia-reinigung.ch">info@helvetia-reinigung.ch</a><br />Website: <a href="https://helvetia-reinigung.ch/">https://helvetia-reinigung.ch</a></p>						</div>
				</div>
				<div class="elementor-element elementor-element-07ef11a elementor-widget elementor-widget-heading" data-id="07ef11a" data-element_type="widget" data-widget_type="heading.default">
				<div class="elementor-widget-container">
			<h3 class="elementor-heading-title elementor-size-default">Verantwortlich für den Inhalt nach § 55 Abs. 2 RStV</h3>		</div>
				</div>
				<div class="elementor-element elementor-element-9490d46 elementor-widget elementor-widget-text-editor" data-id="9490d46" data-element_type="widget" data-widget_type="text-editor.default">
				<div class="elementor-widget-container">
							Gabi Kaderli<br>
(Anschrift siehe oben)						</div>
				</div>
				<div class="elementor-element elementor-element-655e223 elementor-widget elementor-widget-heading" data-id="655e223" data-element_type="widget" data-widget_type="heading.default">
				<div class="elementor-widget-container">
			<h3 class="elementor-heading-title elementor-size-default">EU-Streitschlichtung</h3>		</div>
				</div>
				<div class="elementor-element elementor-element-5b841aa elementor-widget elementor-widget-text-editor" data-id="5b841aa" data-element_type="widget" data-widget_type="text-editor.default">
				<div class="elementor-widget-container">
							Die Europäische Kommission stellt eine Plattform zur Online-Streitbeilegung (OS) bereit: <a href="https://ec.europa.eu/consumers/odr" =_blank target="_blank" rel="noopener">https://ec.europa.eu/consumers/odr</a>.<br>
Unsere E-Mail-Adresse finden Sie oben im Impressum.						</div>
				</div>
				<div class="elementor-element elementor-element-a6efc8c elementor-widget elementor-widget-heading" data-id="a6efc8c" data-element_type="widget" data-widget_type="heading.default">
				<div class="elementor-widget-container">
			<h3 class="elementor-heading-title elementor-size-default">Verbraucher­streit­beilegung/Universal­schlichtungs­stelle</h3>		</div>
				</div>
				<div class="elementor-element elementor-element-36ef81a elementor-widget elementor-widget-text-editor" data-id="36ef81a" data-element_type="widget" data-widget_type="text-editor.default">
				<div class="elementor-widget-container">
							Wir sind nicht bereit oder verpflichtet, an Streitbeilegungsverfahren vor einer Verbraucherschlichtungsstelle teilzunehmen.						</div>
				</div>
				<div class="elementor-element elementor-element-99d1a83 elementor-widget elementor-widget-heading" data-id="99d1a83" data-element_type="widget" data-widget_type="heading.default">
				<div class="elementor-widget-container">
			<h4 class="elementor-heading-title elementor-size-default">Haftung für Inhalte
</h4>		</div>
				</div>
				<div class="elementor-element elementor-element-895f59b elementor-widget elementor-widget-text-editor" data-id="895f59b" data-element_type="widget" data-widget_type="text-editor.default">
				<div class="elementor-widget-container">
							Als Diensteanbieter sind wir gemäß § 7 Abs.1 TMG für eigene Inhalte auf diesen Seiten nach den allgemeinen Gesetzen verantwortlich. Nach §§ 8 bis 10 TMG sind wir als Diensteanbieter jedoch nicht verpflichtet, übermittelte oder gespeicherte fremde Informationen zu überwachen oder nach Umständen zu forschen, die auf eine rechtswidrige Tätigkeit hinweisen.
<br><br>
Verpflichtungen zur Entfernung oder Sperrung der Nutzung von Informationen nach den allgemeinen Gesetzen bleiben hiervon unberührt. Eine diesbezügliche Haftung ist jedoch erst ab dem Zeitpunkt der Kenntnis einer konkreten Rechtsverletzung möglich. Bei Bekanntwerden von entsprechenden Rechtsverletzungen werden wir diese Inhalte umgehend entfernen.						</div>
				</div>
				<div class="elementor-element elementor-element-81dad73 elementor-widget elementor-widget-heading" data-id="81dad73" data-element_type="widget" data-widget_type="heading.default">
				<div class="elementor-widget-container">
			<h4 class="elementor-heading-title elementor-size-default">Haftung für Links</h4>		</div>
				</div>
				<div class="elementor-element elementor-element-b920679 elementor-widget elementor-widget-text-editor" data-id="b920679" data-element_type="widget" data-widget_type="text-editor.default">
				<div class="elementor-widget-container">
							Unser Angebot enthält Links zu externen Websites Dritter, auf deren Inhalte wir keinen Einfluss haben. Deshalb können wir für diese fremden Inhalte auch keine Gewähr übernehmen. Für die Inhalte der verlinkten Seiten ist stets der jeweilige Anbieter oder Betreiber der Seiten verantwortlich. Die verlinkten Seiten wurden zum Zeitpunkt der Verlinkung auf mögliche Rechtsverstöße überprüft. Rechtswidrige Inhalte waren zum Zeitpunkt der Verlinkung nicht erkennbar.
<br><br>
Eine permanente inhaltliche Kontrolle der verlinkten Seiten ist jedoch ohne konkrete Anhaltspunkte einer Rechtsverletzung nicht zumutbar. Bei Bekanntwerden von Rechtsverletzungen werden wir derartige Links umgehend entfernen.						</div>
				</div>
				<div class="elementor-element elementor-element-b65846c elementor-widget elementor-widget-heading" data-id="b65846c" data-element_type="widget" data-widget_type="heading.default">
				<div class="elementor-widget-container">
			<h4 class="elementor-heading-title elementor-size-default">Urheberrecht</h4>		</div>
				</div>
				<div class="elementor-element elementor-element-2a38054 elementor-widget elementor-widget-text-editor" data-id="2a38054" data-element_type="widget" data-widget_type="text-editor.default">
				<div class="elementor-widget-container">
							Die durch die Seitenbetreiber erstellten Inhalte und Werke auf diesen Seiten unterliegen dem deutschen Urheberrecht. Die Vervielfältigung, Bearbeitung, Verbreitung und jede Art der Verwertung außerhalb der Grenzen des Urheberrechtes bedürfen der schriftlichen Zustimmung des jeweiligen Autors bzw. Erstellers. Downloads und Kopien dieser Seite sind nur für den privaten, nicht kommerziellen Gebrauch gestattet.
<br><br>
Soweit die Inhalte auf dieser Seite nicht vom Betreiber erstellt wurden, werden die Urheberrechte Dritter beachtet. Insbesondere werden Inhalte Dritter als solche gekennzeichnet. Sollten Sie trotzdem auf eine Urheberrechtsverletzung aufmerksam werden, bitten wir um einen entsprechenden Hinweis. Bei Bekanntwerden von Rechtsverletzungen werden wir derartige Inhalte umgehend entfernen.						</div>
				</div>
					</div>
		</div>
					</div>
		</section>
				</div>

<p>Impressum Angaben gemäß § 5 TMG Helvetia Reinigung WädenswilMeierhofstrasse 268820 Wädenswil Vertreten durch:Gabi Kaderli Kontakt Telefon: 079 913 89 41E-Mail: info@helvetia-reinigung.chWebsite: https://helvetia-reinigung.ch Verantwortlich für den Inhalt nach § 55 Abs. 2 RStV Gabi Kaderli (Anschrift siehe oben) EU-Streitschlichtung Die Europäische Kommission stellt eine Plattform zur Online-Streitbeilegung (OS) bereit: https://ec.europa.eu/consumers/odr. Unsere E-Mail-Adresse finden Sie oben im [&hellip;]</p>
